{"id":230,"date":"2019-07-26T10:49:07","date_gmt":"2019-07-26T10:49:07","guid":{"rendered":"https:\/\/www.wochen-zur-demokratie.de\/?page_id=230"},"modified":"2023-11-02T12:12:34","modified_gmt":"2023-11-02T11:12:34","slug":"impressum","status":"publish","type":"page","link":"https:\/\/www.wochen-zur-demokratie.de\/archiv\/impressum\/","title":{"rendered":"Impressum"},"content":{"rendered":"<p>[et_pb_section fb_built=&#8220;1&#8243; _builder_version=&#8220;4.16&#8243; global_colors_info=&#8220;{}&#8220;][et_pb_row _builder_version=&#8220;4.16&#8243; global_colors_info=&#8220;{}&#8220;][et_pb_column type=&#8220;4_4&#8243; _builder_version=&#8220;4.16&#8243; global_colors_info=&#8220;{}&#8220;][et_pb_text _builder_version=&#8220;4.22.2&#8243; header_2_font=&#8220;|600|||||||&#8220; header_2_font_size=&#8220;18px&#8220; hover_enabled=&#8220;0&#8243; global_colors_info=&#8220;{}&#8220; sticky_enabled=&#8220;0&#8243;]<\/p>\n<h1>Impressum<\/h1>\n<p>[\/et_pb_text][et_pb_text _builder_version=&#8220;4.22.2&#8243; header_2_font=&#8220;|600|||||||&#8220; header_2_font_size=&#8220;20px&#8220; hover_enabled=&#8220;0&#8243; global_colors_info=&#8220;{}&#8220; sticky_enabled=&#8220;0&#8243;]<\/p>\n<h2>Angaben gem\u00e4\u00df \u00a7 5 TMG<\/h2>\n<p>Nicht-eingetragener Verein: Initiative Wochen zur Demokratie<br \/>c\/o Joseph-Haydn-Str. 15<br \/>D-94032 Passau<br \/>Telefon: +49 (0) 0851-57887<br \/>Mobil: +49 (0) 170 3802665<br \/>E-Mail: <a href=\"mailto:ko&#110;&#116;&#097;k&#116;&#064;&#119;oc&#104;&#101;&#110;&#045;zu&#114;&#045;&#100;emokrat&#105;e&#046;de\">ko&#110;&#116;&#097;k&#116;&#064;&#119;oc&#104;&#101;&#110;&#045;zu&#114;&#045;&#100;emokrat&#105;e&#046;de<\/a><\/p>\n<p><strong>Gemeinschaftlich vertretungsberechtigt:<\/strong><br \/>Dr. Thomas Metten (Vorsitzender)<br \/>c\/o Joseph-Haydn-Str. 15<br \/>D-94032 Passau<br \/>Mobil: +49 (0) 170 2025615<br \/>E-Mail: <a href=\"mailto:t&#104;&#111;&#109;&#097;s&#064;w&#111;chen&#045;z&#117;r-de&#109;okratie.&#100;&#101;\">t&#104;&#111;&#109;&#097;s&#064;w&#111;chen&#045;z&#117;r-de&#109;okratie.&#100;&#101;<\/a><\/p>\n<p>Dr. Winfried Helm (Stellv. Vorsitzender)<br \/>c\/o Joseph-Haydn-Str. 15<br \/>D-94032 Passau<br \/>Telefon: +49 (0) 0851-57887<br \/>Mobil: +49 (0) 170 3802665<br \/>E-Mail: <a href=\"mailto:&#119;in&#102;&#114;&#105;&#101;d&#064;w&#111;chen-z&#117;r&#045;d&#101;m&#111;kr&#097;&#116;ie&#046;de\">&#119;in&#102;&#114;&#105;&#101;d&#064;w&#111;chen-z&#117;r&#045;d&#101;m&#111;kr&#097;&#116;ie&#046;de<\/a><\/p>\n<p>[\/et_pb_text][et_pb_divider color=&#8220;#dddddd&#8220; divider_position=&#8220;center&#8220; _builder_version=&#8220;4.16&#8243; global_colors_info=&#8220;{}&#8220;][\/et_pb_divider][et_pb_text _builder_version=&#8220;4.17.6&#8243; header_2_font=&#8220;|600|||||||&#8220; header_2_font_size=&#8220;18px&#8220; global_colors_info=&#8220;{}&#8220;]<\/p>\n<p><strong>Organisationsteam:<\/strong> Ruth Geiger, Eva Gei\u00dfler, Dr. Melanie Hackenfort, Dr. Winfried Helm, Matthias Hofer, Dr. Thomas Metten, Markus Muckenschnabl, Franziska Neukirchinger, Sousar Tahqakha, Bernhard Rottenaicher, Gertraude Reitberger, Maria Wilhelm, Dr. Florian Wobser<\/p>\n<p><strong>Initiative Wochen zur Demokratie<\/strong>: Die Initiative Wochen zur Demokratie ist ein gemeinn\u00fctziger Verein. Konzeption und Durchf\u00fchrung werden vollst\u00e4ndig durch das ehrenamtliche Engagement der b\u00fcrgerschaftlichen Initiative getragen.<\/p>\n<p><strong>F\u00f6rderer und Partner<\/strong>: Die Wochen zur Demokratie werden alleine durch das Engagement aller Beteiligten m\u00f6glich, die sich gemeinsam f\u00fcr die F\u00f6rderung einer demokratischen Kultur einsetzen. Besonderer Dank gilt allen Akteuren und Institutionen sowie insbesondere den F\u00f6rderer der Wochen zur Demokratie.<\/p>\n<p><strong>Spendenkonto<\/strong><br \/>Sparkasse Passau<br \/>IBAN DE98 7405 0000 0030 8357 63<br \/>BIC BYLADEM1PAS<\/p>\n<p><strong>Gestaltung der Webseite<\/strong>: Markus Muckenschnabl, <a href=\"http:\/\/markusmuckenschnabl.de\/\" target=\"_blank\" rel=\"noopener noreferrer\"><strong>markusmuckenschnabl.de<\/strong><\/a><\/p>\n<p><strong>Umsetzung der Webseite<\/strong>: Andreas Rudel, <a href=\"http:\/\/www.momentum-media.de\/\" target=\"_blank\" rel=\"noopener noreferrer\"><strong>momentum-media.de<\/strong><\/a><\/p>\n<p>[\/et_pb_text][et_pb_divider color=&#8220;#dddddd&#8220; divider_position=&#8220;center&#8220; _builder_version=&#8220;4.16&#8243; global_colors_info=&#8220;{}&#8220;][\/et_pb_divider][et_pb_text _builder_version=&#8220;4.17.6&#8243; header_3_font=&#8220;|600|||||||&#8220; header_3_font_size=&#8220;18px&#8220; custom_padding=&#8220;||||false|false&#8220; global_colors_info=&#8220;{}&#8220;]<\/p>\n<h3>Haftung f\u00fcr Inhalte<\/h3>\n<p>Als Diensteanbieter sind wir gem\u00e4\u00df \u00a7 7 Abs.1 TMG f\u00fcr eigene Inhalte auf diesen Seiten nach den allgemeinen Gesetzen verantwortlich. Nach \u00a7\u00a7 8 bis 10 TMG sind wir als Diensteanbieter jedoch nicht verpflichtet, \u00fcbermittelte oder gespeicherte fremde Informationen zu \u00fcberwachen oder nach Umst\u00e4nden zu forschen, die auf eine rechtswidrige T\u00e4tigkeit hinweisen.<\/p>\n<p>Verpflichtungen zur Entfernung oder Sperrung der Nutzung von Informationen nach den allgemeinen Gesetzen bleiben hiervon unber\u00fchrt. Eine diesbez\u00fcgliche Haftung ist jedoch erst ab dem Zeitpunkt der Kenntnis einer konkreten Rechtsverletzung m\u00f6glich. Bei Bekanntwerden von entsprechenden Rechtsverletzungen werden wir diese Inhalte umgehend entfernen.<\/p>\n<h3>Haftung f\u00fcr Links<\/h3>\n<p>Unser Angebot enth\u00e4lt Links zu externen Websites Dritter, auf deren Inhalte wir keinen Einfluss haben. Deshalb k\u00f6nnen wir f\u00fcr diese fremden Inhalte auch keine Gew\u00e4hr \u00fcbernehmen. F\u00fcr die Inhalte der verlinkten Seiten ist stets der jeweilige Anbieter oder Betreiber der Seiten verantwortlich. Die verlinkten Seiten wurden zum Zeitpunkt der Verlinkung auf m\u00f6gliche Rechtsverst\u00f6\u00dfe \u00fcberpr\u00fcft. Rechtswidrige Inhalte waren zum Zeitpunkt der Verlinkung nicht erkennbar.<\/p>\n<p>Eine permanente inhaltliche Kontrolle der verlinkten Seiten ist jedoch ohne konkrete Anhaltspunkte einer Rechtsverletzung nicht zumutbar. Bei Bekanntwerden von Rechtsverletzungen werden wir derartige Links umgehend entfernen.<\/p>\n<h3>Urheberrecht<\/h3>\n<p>Die durch die Seitenbetreiber erstellten Inhalte und Werke auf diesen Seiten unterliegen dem deutschen Urheberrecht. Die Vervielf\u00e4ltigung, Bearbeitung, Verbreitung und jede Art der Verwertung au\u00dferhalb der Grenzen des Urheberrechtes bed\u00fcrfen der schriftlichen Zustimmung des jeweiligen Autors bzw. Erstellers. Downloads und Kopien dieser Seite sind nur f\u00fcr den privaten, nicht kommerziellen Gebrauch gestattet.<\/p>\n<p>Soweit die Inhalte auf dieser Seite nicht vom Betreiber erstellt wurden, werden die Urheberrechte Dritter beachtet. Insbesondere werden Inhalte Dritter als solche gekennzeichnet. Sollten Sie trotzdem auf eine Urheberrechtsverletzung aufmerksam werden, bitten wir um einen entsprechenden Hinweis. Bei Bekanntwerden von Rechtsverletzungen werden wir derartige Inhalte umgehend entfernen.<\/p>\n<p>[\/et_pb_text][\/et_pb_column][\/et_pb_row][\/et_pb_section]<\/p>\n","protected":false},"excerpt":{"rendered":"<p>ImpressumAngaben gem\u00e4\u00df \u00a7 5 TMG Nicht-eingetragener Verein: Initiative Wochen zur Demokratiec\/o Joseph-Haydn-Str. 15D-94032 PassauTelefon: +49 (0) 0851-57887Mobil: +49 (0) 170 3802665E-Mail: <a href=\"mailto:&#107;&#111;&#110;&#116;&#097;&#107;&#116;&#064;w&#111;&#099;&#104;e&#110;-z&#117;&#114;&#045;d&#101;&#109;&#111;kra&#116;i&#101;.d&#101;\">&#107;&#111;&#110;&#116;&#097;&#107;&#116;&#064;w&#111;&#099;&#104;e&#110;-z&#117;&#114;&#045;d&#101;&#109;&#111;kra&#116;i&#101;.d&#101;<\/a> Gemeinschaftlich vertretungsberechtigt:Dr. Thomas Metten (Vorsitzender)c\/o Joseph-Haydn-Str. 15D-94032 PassauMobil: +49 (0) 170 2025615E-Mail: <a href=\"mailto:&#116;&#104;&#111;&#109;&#097;&#115;&#064;&#119;&#111;c&#104;&#101;&#110;&#045;&#122;&#117;&#114;&#045;&#100;e&#109;&#111;&#107;ra&#116;&#105;e&#046;de\">&#116;&#104;&#111;&#109;&#097;&#115;&#064;&#119;&#111;c&#104;&#101;&#110;&#045;&#122;&#117;&#114;&#045;&#100;e&#109;&#111;&#107;ra&#116;&#105;e&#046;de<\/a> Dr. Winfried Helm (Stellv. Vorsitzender)c\/o Joseph-Haydn-Str. 15D-94032 PassauTelefon: +49 (0) 0851-57887Mobil: +49 (0) 170 3802665E-Mail: <a href=\"mailto:&#119;&#105;nf&#114;i&#101;&#100;&#064;&#119;o&#099;h&#101;n&#045;z&#117;&#114;&#045;d&#101;&#109;&#111;krati&#101;.&#100;&#101;\">&#119;&#105;nf&#114;i&#101;&#100;&#064;&#119;o&#099;h&#101;n&#045;z&#117;&#114;&#045;d&#101;&#109;&#111;krati&#101;.&#100;&#101;<\/a>Organisationsteam: Ruth Geiger, Eva Gei\u00dfler, [&hellip;]<\/p>\n","protected":false},"author":1,"featured_media":0,"parent":0,"menu_order":0,"comment_status":"closed","ping_status":"closed","template":"page-template-blank.php","meta":{"_et_pb_use_builder":"on","_et_pb_old_content":"","_et_gb_content_width":"","footnotes":""},"class_list":["post-230","page","type-page","status-publish","hentry"],"_links":{"self":[{"href":"https:\/\/www.wochen-zur-demokratie.de\/archiv\/wp-json\/wp\/v2\/pages\/230","targetHints":{"allow":["GET"]}}],"collection":[{"href":"https:\/\/www.wochen-zur-demokratie.de\/archiv\/wp-json\/wp\/v2\/pages"}],"about":[{"href":"https:\/\/www.wochen-zur-demokratie.de\/archiv\/wp-json\/wp\/v2\/types\/page"}],"author":[{"embeddable":true,"href":"https:\/\/www.wochen-zur-demokratie.de\/archiv\/wp-json\/wp\/v2\/users\/1"}],"replies":[{"embeddable":true,"href":"https:\/\/www.wochen-zur-demokratie.de\/archiv\/wp-json\/wp\/v2\/comments?post=230"}],"version-history":[{"count":8,"href":"https:\/\/www.wochen-zur-demokratie.de\/archiv\/wp-json\/wp\/v2\/pages\/230\/revisions"}],"predecessor-version":[{"id":5110,"href":"https:\/\/www.wochen-zur-demokratie.de\/archiv\/wp-json\/wp\/v2\/pages\/230\/revisions\/5110"}],"wp:attachment":[{"href":"https:\/\/www.wochen-zur-demokratie.de\/archiv\/wp-json\/wp\/v2\/media?parent=230"}],"curies":[{"name":"wp","href":"https:\/\/api.w.org\/{rel}","templated":true}]}}

<p>[et_pb_section fb_built=&#8220;1&#8243; _builder_version=&#8220;4.16&#8243; global_colors_info=&#8220;{}&#8220;][et_pb_row _builder_version=&#8220;4.16&#8243; global_colors_info=&#8220;{}&#8220;][et_pb_column type=&#8220;4_4&#8243; _builder_version=&#8220;4.16&#8243; global_colors_info=&#8220;{}&#8220;][et_pb_text _builder_version=&#8220;4.22.2&#8243; header_2_font=&#8220;|600|||||||&#8220; header_2_font_size=&#8220;18px&#8220; hover_enabled=&#8220;0&#8243; global_colors_info=&#8220;{}&#8220; sticky_enabled=&#8220;0&#8243;]</p>
<h1>Impressum</h1>
<p>[/et_pb_text][et_pb_text _builder_version=&#8220;4.22.2&#8243; header_2_font=&#8220;|600|||||||&#8220; header_2_font_size=&#8220;20px&#8220; hover_enabled=&#8220;0&#8243; global_colors_info=&#8220;{}&#8220; sticky_enabled=&#8220;0&#8243;]</p>
<h2>Angaben gemäß § 5 TMG</h2>
<p>Nicht-eingetragener Verein: Initiative Wochen zur Demokratie<br />c/o Joseph-Haydn-Str. 15<br />D-94032 Passau<br />Telefon: +49 (0) 0851-57887<br />Mobil: +49 (0) 170 3802665<br />E-Mail: <a href="mailto:ko&#110;&#116;&#097;k&#116;&#064;&#119;oc&#104;&#101;&#110;&#045;zu&#114;&#045;&#100;emokrat&#105;e&#046;de">ko&#110;&#116;&#097;k&#116;&#064;&#119;oc&#104;&#101;&#110;&#045;zu&#114;&#045;&#100;emokrat&#105;e&#046;de</a></p>
<p><strong>Gemeinschaftlich vertretungsberechtigt:</strong><br />Dr. Thomas Metten (Vorsitzender)<br />c/o Joseph-Haydn-Str. 15<br />D-94032 Passau<br />Mobil: +49 (0) 170 2025615<br />E-Mail: <a href="mailto:t&#104;&#111;&#109;&#097;s&#064;w&#111;chen&#045;z&#117;r-de&#109;okratie.&#100;&#101;">t&#104;&#111;&#109;&#097;s&#064;w&#111;chen&#045;z&#117;r-de&#109;okratie.&#100;&#101;</a></p>
<p>Dr. Winfried Helm (Stellv. Vorsitzender)<br />c/o Joseph-Haydn-Str. 15<br />D-94032 Passau<br />Telefon: +49 (0) 0851-57887<br />Mobil: +49 (0) 170 3802665<br />E-Mail: <a href="mailto:&#119;in&#102;&#114;&#105;&#101;d&#064;w&#111;chen-z&#117;r&#045;d&#101;m&#111;kr&#097;&#116;ie&#046;de">&#119;in&#102;&#114;&#105;&#101;d&#064;w&#111;chen-z&#117;r&#045;d&#101;m&#111;kr&#097;&#116;ie&#046;de</a></p>
<p>[/et_pb_text][et_pb_divider color=&#8220;#dddddd&#8220; divider_position=&#8220;center&#8220; _builder_version=&#8220;4.16&#8243; global_colors_info=&#8220;{}&#8220;][/et_pb_divider][et_pb_text _builder_version=&#8220;4.17.6&#8243; header_2_font=&#8220;|600|||||||&#8220; header_2_font_size=&#8220;18px&#8220; global_colors_info=&#8220;{}&#8220;]</p>
<p><strong>Organisationsteam:</strong> Ruth Geiger, Eva Geißler, Dr. Melanie Hackenfort, Dr. Winfried Helm, Matthias Hofer, Dr. Thomas Metten, Markus Muckenschnabl, Franziska Neukirchinger, Sousar Tahqakha, Bernhard Rottenaicher, Gertraude Reitberger, Maria Wilhelm, Dr. Florian Wobser</p>
<p><strong>Initiative Wochen zur Demokratie</strong>: Die Initiative Wochen zur Demokratie ist ein gemeinnütziger Verein. Konzeption und Durchführung werden vollständig durch das ehrenamtliche Engagement der bürgerschaftlichen Initiative getragen.</p>
<p><strong>Förderer und Partner</strong>: Die Wochen zur Demokratie werden alleine durch das Engagement aller Beteiligten möglich, die sich gemeinsam für die Förderung einer demokratischen Kultur einsetzen. Besonderer Dank gilt allen Akteuren und Institutionen sowie insbesondere den Förderer der Wochen zur Demokratie.</p>
<p><strong>Spendenkonto</strong><br />Sparkasse Passau<br />IBAN DE98 7405 0000 0030 8357 63<br />BIC BYLADEM1PAS</p>
<p><strong>Gestaltung der Webseite</strong>: Markus Muckenschnabl, <a href="http://markusmuckenschnabl.de/" target="_blank" rel="noopener noreferrer"><strong>markusmuckenschnabl.de</strong></a></p>
<p><strong>Umsetzung der Webseite</strong>: Andreas Rudel, <a href="http://www.momentum-media.de/" target="_blank" rel="noopener noreferrer"><strong>momentum-media.de</strong></a></p>
<p>[/et_pb_text][et_pb_divider color=&#8220;#dddddd&#8220; divider_position=&#8220;center&#8220; _builder_version=&#8220;4.16&#8243; global_colors_info=&#8220;{}&#8220;][/et_pb_divider][et_pb_text _builder_version=&#8220;4.17.6&#8243; header_3_font=&#8220;|600|||||||&#8220; header_3_font_size=&#8220;18px&#8220; custom_padding=&#8220;||||false|false&#8220; global_colors_info=&#8220;{}&#8220;]</p>
<h3>Haftung für Inhalte</h3>
<p>Als Diensteanbieter sind wir gemäß § 7 Abs.1 TMG für eigene Inhalte auf diesen Seiten nach den allgemeinen Gesetzen verantwortlich. Nach §§ 8 bis 10 TMG sind wir als Diensteanbieter jedoch nicht verpflichtet, übermittelte oder gespeicherte fremde Informationen zu überwachen oder nach Umständen zu forschen, die auf eine rechtswidrige Tätigkeit hinweisen.</p>
<p>Verpflichtungen zur Entfernung oder Sperrung der Nutzung von Informationen nach den allgemeinen Gesetzen bleiben hiervon unberührt. Eine diesbezügliche Haftung ist jedoch erst ab dem Zeitpunkt der Kenntnis einer konkreten Rechtsverletzung möglich. Bei Bekanntwerden von entsprechenden Rechtsverletzungen werden wir diese Inhalte umgehend entfernen.</p>
<h3>Haftung für Links</h3>
<p>Unser Angebot enthält Links zu externen Websites Dritter, auf deren Inhalte wir keinen Einfluss haben. Deshalb können wir für diese fremden Inhalte auch keine Gewähr übernehmen. Für die Inhalte der verlinkten Seiten ist stets der jeweilige Anbieter oder Betreiber der Seiten verantwortlich. Die verlinkten Seiten wurden zum Zeitpunkt der Verlinkung auf mögliche Rechtsverstöße überprüft. Rechtswidrige Inhalte waren zum Zeitpunkt der Verlinkung nicht erkennbar.</p>
<p>Eine permanente inhaltliche Kontrolle der verlinkten Seiten ist jedoch ohne konkrete Anhaltspunkte einer Rechtsverletzung nicht zumutbar. Bei Bekanntwerden von Rechtsverletzungen werden wir derartige Links umgehend entfernen.</p>
<h3>Urheberrecht</h3>
<p>Die durch die Seitenbetreiber erstellten Inhalte und Werke auf diesen Seiten unterliegen dem deutschen Urheberrecht. Die Vervielfältigung, Bearbeitung, Verbreitung und jede Art der Verwertung außerhalb der Grenzen des Urheberrechtes bedürfen der schriftlichen Zustimmung des jeweiligen Autors bzw. Erstellers. Downloads und Kopien dieser Seite sind nur für den privaten, nicht kommerziellen Gebrauch gestattet.</p>
<p>Soweit die Inhalte auf dieser Seite nicht vom Betreiber erstellt wurden, werden die Urheberrechte Dritter beachtet. Insbesondere werden Inhalte Dritter als solche gekennzeichnet. Sollten Sie trotzdem auf eine Urheberrechtsverletzung aufmerksam werden, bitten wir um einen entsprechenden Hinweis. Bei Bekanntwerden von Rechtsverletzungen werden wir derartige Inhalte umgehend entfernen.</p>
<p>[/et_pb_text][/et_pb_column][/et_pb_row][/et_pb_section]</p>

<p>ImpressumAngaben gemäß § 5 TMG Nicht-eingetragener Verein: Initiative Wochen zur Demokratiec/o Joseph-Haydn-Str. 15D-94032 PassauTelefon: +49 (0) 0851-57887Mobil: +49 (0) 170 3802665E-Mail: <a href="mailto:&#107;&#111;&#110;&#116;&#097;&#107;&#116;&#064;w&#111;&#099;&#104;e&#110;-z&#117;&#114;&#045;d&#101;&#109;&#111;kra&#116;i&#101;.d&#101;">&#107;&#111;&#110;&#116;&#097;&#107;&#116;&#064;w&#111;&#099;&#104;e&#110;-z&#117;&#114;&#045;d&#101;&#109;&#111;kra&#116;i&#101;.d&#101;</a> Gemeinschaftlich vertretungsberechtigt:Dr. Thomas Metten (Vorsitzender)c/o Joseph-Haydn-Str. 15D-94032 PassauMobil: +49 (0) 170 2025615E-Mail: <a href="mailto:&#116;&#104;&#111;&#109;&#097;&#115;&#064;&#119;&#111;c&#104;&#101;&#110;&#045;&#122;&#117;&#114;&#045;&#100;e&#109;&#111;&#107;ra&#116;&#105;e&#046;de">&#116;&#104;&#111;&#109;&#097;&#115;&#064;&#119;&#111;c&#104;&#101;&#110;&#045;&#122;&#117;&#114;&#045;&#100;e&#109;&#111;&#107;ra&#116;&#105;e&#046;de</a> Dr. Winfried Helm (Stellv. Vorsitzender)c/o Joseph-Haydn-Str. 15D-94032 PassauTelefon: +49 (0) 0851-57887Mobil: +49 (0) 170 3802665E-Mail: <a href="mailto:&#119;&#105;nf&#114;i&#101;&#100;&#064;&#119;o&#099;h&#101;n&#045;z&#117;&#114;&#045;d&#101;&#109;&#111;krati&#101;.&#100;&#101;">&#119;&#105;nf&#114;i&#101;&#100;&#064;&#119;o&#099;h&#101;n&#045;z&#117;&#114;&#045;d&#101;&#109;&#111;krati&#101;.&#100;&#101;</a>Organisationsteam: Ruth Geiger, Eva Geißler, [&hellip;]</p>
